{"id":310,"date":"2024-04-10T15:19:25","date_gmt":"2024-04-10T13:19:25","guid":{"rendered":"https:\/\/caps2loccaz.fr\/?post_type=product&#038;p=310"},"modified":"2024-04-10T15:25:23","modified_gmt":"2024-04-10T13:25:23","slug":"les-indestructibles-disney-pixar","status":"publish","type":"product","link":"https:\/\/caps2loccaz.fr\/?product=les-indestructibles-disney-pixar","title":{"rendered":"les indestructibles Disney. Pixar"},"content":{"rendered":"<p>Les Indestructibles,\u00a0c&rsquo;est l&rsquo;histoire d&rsquo;une famille de supers h\u00e9ros&#8230;..supers ordinaires; pas comme les autres, ils essaient de se fondre dans la masse et de vivre comme des citoyens ordinaires\u00a0. Robert Parr alias Mr Indestructible, \u00e9tait Jadis connu comme \u00e9tant le plus grand des supers h\u00e9ros de toute la soci\u00e9t\u00e9.<\/p>\n<p>Article en tr\u00e8s bonne \u00e9tat<\/p>\n","protected":false},"excerpt":{"rendered":"<p>Les Indestructibles,\u00a0c&rsquo;est l&rsquo;histoire d&rsquo;une famille de supers h\u00e9ros&#8230;..supers ordinaires; pas comme les autres, ils essaient de se fondre dans la masse et de vivre comme des citoyens ordinaires\u00a0. Robert Parr alias Mr Indestructible, \u00e9tait Jadis connu comme \u00e9tant le plus grand des supers h\u00e9ros de toute la soci\u00e9t\u00e9. Article en tr\u00e8s bonne \u00e9tat<\/p>\n","protected":false},"featured_media":309,"template":"","meta":[],"product_brand":[],"product_cat":[15,28],"product_tag":[],"class_list":{"0":"post-310","1":"product","2":"type-product","3":"status-publish","4":"has-post-thumbnail","6":"product_cat-non-classe","7":"product_cat-livres-jeunesse","9":"first","10":"instock","11":"shipping-taxable","12":"purchasable","13":"product-type-simple"},"_links":{"self":[{"href":"https:\/\/caps2loccaz.fr\/index.php?rest_route=\/wp\/v2\/product\/310","targetHints":{"allow":["GET"]}}],"collection":[{"href":"https:\/\/caps2loccaz.fr\/index.php?rest_route=\/wp\/v2\/product"}],"about":[{"href":"https:\/\/caps2loccaz.fr\/index.php?rest_route=\/wp\/v2\/types\/product"}],"wp:featuredmedia":[{"embeddable":true,"href":"https:\/\/caps2loccaz.fr\/index.php?rest_route=\/wp\/v2\/media\/309"}],"wp:attachment":[{"href":"https:\/\/caps2loccaz.fr\/index.php?rest_route=%2Fwp%2Fv2%2Fmedia&parent=310"}],"wp:term":[{"taxonomy":"product_brand","embeddable":true,"href":"https:\/\/caps2loccaz.fr\/index.php?rest_route=%2Fwp%2Fv2%2Fproduct_brand&post=310"},{"taxonomy":"product_cat","embeddable":true,"href":"https:\/\/caps2loccaz.fr\/index.php?rest_route=%2Fwp%2Fv2%2Fproduct_cat&post=310"},{"taxonomy":"product_tag","embeddable":true,"href":"https:\/\/caps2loccaz.fr\/index.php?rest_route=%2Fwp%2Fv2%2Fproduct_tag&post=310"}],"curies":[{"name":"wp","href":"https:\/\/api.w.org\/{rel}","templated":true}]}}