{"id":265,"date":"2024-04-10T15:13:38","date_gmt":"2024-04-10T13:13:38","guid":{"rendered":"https:\/\/caps2loccaz.fr\/?post_type=product&#038;p=265"},"modified":"2024-04-10T15:13:38","modified_gmt":"2024-04-10T13:13:38","slug":"un-monstre-a-paris-une-voix-en-or","status":"publish","type":"product","link":"https:\/\/caps2loccaz.fr\/?product=un-monstre-a-paris-une-voix-en-or","title":{"rendered":"Un monstre \u00e0 Paris une voix en or"},"content":{"rendered":"<p>Paris, 1910,\u00a0Une \u00e9trange cr\u00e9ature terrifie la Capitale.\u00a0Pourtant, Lucille est touch\u00e9e par son chant si pur : la puce g\u00e9ante aimerait tant avoir des amis, mais en la voyant les gens s&rsquo;enfuient. Livre d&rsquo;occasion en bon \u00e9tat comme neuf.<\/p>\n","protected":false},"excerpt":{"rendered":"<p>Paris, 1910,\u00a0Une \u00e9trange cr\u00e9ature terrifie la Capitale.\u00a0Pourtant, Lucille est touch\u00e9e par son chant si pur : la puce g\u00e9ante aimerait tant avoir des amis, mais en la voyant les gens s&rsquo;enfuient. Livre d&rsquo;occasion en bon \u00e9tat comme neuf.<\/p>\n","protected":false},"featured_media":302,"template":"","meta":[],"product_brand":[],"product_cat":[28],"product_tag":[],"class_list":{"0":"post-265","1":"product","2":"type-product","3":"status-publish","4":"has-post-thumbnail","6":"product_cat-livres-jeunesse","8":"first","9":"instock","10":"shipping-taxable","11":"purchasable","12":"product-type-simple"},"_links":{"self":[{"href":"https:\/\/caps2loccaz.fr\/index.php?rest_route=\/wp\/v2\/product\/265","targetHints":{"allow":["GET"]}}],"collection":[{"href":"https:\/\/caps2loccaz.fr\/index.php?rest_route=\/wp\/v2\/product"}],"about":[{"href":"https:\/\/caps2loccaz.fr\/index.php?rest_route=\/wp\/v2\/types\/product"}],"wp:featuredmedia":[{"embeddable":true,"href":"https:\/\/caps2loccaz.fr\/index.php?rest_route=\/wp\/v2\/media\/302"}],"wp:attachment":[{"href":"https:\/\/caps2loccaz.fr\/index.php?rest_route=%2Fwp%2Fv2%2Fmedia&parent=265"}],"wp:term":[{"taxonomy":"product_brand","embeddable":true,"href":"https:\/\/caps2loccaz.fr\/index.php?rest_route=%2Fwp%2Fv2%2Fproduct_brand&post=265"},{"taxonomy":"product_cat","embeddable":true,"href":"https:\/\/caps2loccaz.fr\/index.php?rest_route=%2Fwp%2Fv2%2Fproduct_cat&post=265"},{"taxonomy":"product_tag","embeddable":true,"href":"https:\/\/caps2loccaz.fr\/index.php?rest_route=%2Fwp%2Fv2%2Fproduct_tag&post=265"}],"curies":[{"name":"wp","href":"https:\/\/api.w.org\/{rel}","templated":true}]}}