{"id":186,"date":"2024-04-10T11:35:29","date_gmt":"2024-04-10T09:35:29","guid":{"rendered":"https:\/\/caps2loccaz.fr\/?post_type=product&#038;p=186"},"modified":"2024-04-10T11:35:30","modified_gmt":"2024-04-10T09:35:30","slug":"depuis-quand","status":"publish","type":"product","link":"https:\/\/caps2loccaz.fr\/?product=depuis-quand","title":{"rendered":"Depuis quand ?"},"content":{"rendered":"<p><img loading=\"lazy\" decoding=\"async\" class=\"alignnone size-medium wp-image-190\" src=\"https:\/\/caps2loccaz.fr\/wp-content\/uploads\/2024\/04\/IMG_E55221-245x300.jpg\" alt=\"\" width=\"245\" height=\"300\" srcset=\"https:\/\/caps2loccaz.fr\/wp-content\/uploads\/2024\/04\/IMG_E55221-245x300.jpg 245w, https:\/\/caps2loccaz.fr\/wp-content\/uploads\/2024\/04\/IMG_E55221-scaled-300x367.jpg 300w, https:\/\/caps2loccaz.fr\/wp-content\/uploads\/2024\/04\/IMG_E55221-scaled-600x734.jpg 600w, https:\/\/caps2loccaz.fr\/wp-content\/uploads\/2024\/04\/IMG_E55221-837x1024.jpg 837w, https:\/\/caps2loccaz.fr\/wp-content\/uploads\/2024\/04\/IMG_E55221-768x940.jpg 768w, https:\/\/caps2loccaz.fr\/wp-content\/uploads\/2024\/04\/IMG_E55221-1255x1536.jpg 1255w, https:\/\/caps2loccaz.fr\/wp-content\/uploads\/2024\/04\/IMG_E55221-1674x2048.jpg 1674w\" sizes=\"auto, (max-width: 245px) 100vw, 245px\" \/>Livre culturel en tr\u00e8s bon sur l&rsquo;origine des objets, techniques, animaux et v\u00e9g\u00e9taux de notre quotidien.<\/p>\n","protected":false},"excerpt":{"rendered":"<p>Livre culturel en tr\u00e8s bon sur l&rsquo;origine des objets, techniques, animaux et v\u00e9g\u00e9taux de notre quotidien.<\/p>\n","protected":false},"featured_media":189,"template":"","meta":[],"product_brand":[],"product_cat":[25],"product_tag":[],"class_list":{"0":"post-186","1":"product","2":"type-product","3":"status-publish","4":"has-post-thumbnail","6":"product_cat-culture","8":"first","9":"instock","10":"shipping-taxable","11":"purchasable","12":"product-type-simple"},"_links":{"self":[{"href":"https:\/\/caps2loccaz.fr\/index.php?rest_route=\/wp\/v2\/product\/186","targetHints":{"allow":["GET"]}}],"collection":[{"href":"https:\/\/caps2loccaz.fr\/index.php?rest_route=\/wp\/v2\/product"}],"about":[{"href":"https:\/\/caps2loccaz.fr\/index.php?rest_route=\/wp\/v2\/types\/product"}],"wp:featuredmedia":[{"embeddable":true,"href":"https:\/\/caps2loccaz.fr\/index.php?rest_route=\/wp\/v2\/media\/189"}],"wp:attachment":[{"href":"https:\/\/caps2loccaz.fr\/index.php?rest_route=%2Fwp%2Fv2%2Fmedia&parent=186"}],"wp:term":[{"taxonomy":"product_brand","embeddable":true,"href":"https:\/\/caps2loccaz.fr\/index.php?rest_route=%2Fwp%2Fv2%2Fproduct_brand&post=186"},{"taxonomy":"product_cat","embeddable":true,"href":"https:\/\/caps2loccaz.fr\/index.php?rest_route=%2Fwp%2Fv2%2Fproduct_cat&post=186"},{"taxonomy":"product_tag","embeddable":true,"href":"https:\/\/caps2loccaz.fr\/index.php?rest_route=%2Fwp%2Fv2%2Fproduct_tag&post=186"}],"curies":[{"name":"wp","href":"https:\/\/api.w.org\/{rel}","templated":true}]}}