{"id":171,"date":"2024-04-10T11:02:30","date_gmt":"2024-04-10T09:02:30","guid":{"rendered":"https:\/\/caps2loccaz.fr\/?post_type=product&#038;p=171"},"modified":"2024-04-10T11:13:17","modified_gmt":"2024-04-10T09:13:17","slug":"pancakes-blinis","status":"publish","type":"product","link":"https:\/\/caps2loccaz.fr\/?product=pancakes-blinis","title":{"rendered":"Pancakes &amp; Blinis"},"content":{"rendered":"<p><img loading=\"lazy\" decoding=\"async\" class=\"alignnone size-medium wp-image-160\" src=\"https:\/\/caps2loccaz.fr\/wp-content\/uploads\/2024\/04\/IMG_E5520-251x300.jpg\" alt=\"\" width=\"251\" height=\"300\" srcset=\"https:\/\/caps2loccaz.fr\/wp-content\/uploads\/2024\/04\/IMG_E5520-251x300.jpg 251w, https:\/\/caps2loccaz.fr\/wp-content\/uploads\/2024\/04\/IMG_E5520-300x359.jpg 300w, https:\/\/caps2loccaz.fr\/wp-content\/uploads\/2024\/04\/IMG_E5520-600x718.jpg 600w, https:\/\/caps2loccaz.fr\/wp-content\/uploads\/2024\/04\/IMG_E5520-856x1024.jpg 856w, https:\/\/caps2loccaz.fr\/wp-content\/uploads\/2024\/04\/IMG_E5520-768x919.jpg 768w, https:\/\/caps2loccaz.fr\/wp-content\/uploads\/2024\/04\/IMG_E5520-1283x1536.jpg 1283w, https:\/\/caps2loccaz.fr\/wp-content\/uploads\/2024\/04\/IMG_E5520-1711x2048.jpg 1711w\" sizes=\"auto, (max-width: 251px) 100vw, 251px\" \/>Livre de cuisine en parfait \u00e9tat sp\u00e9cialis\u00e9 dans les recettes de pancakes, cr\u00eapes et blinis.<\/p>\n","protected":false},"excerpt":{"rendered":"<p>Livre de cuisine en parfait \u00e9tat sp\u00e9cialis\u00e9 dans les recettes de pancakes, cr\u00eapes et blinis.<\/p>\n","protected":false},"featured_media":157,"template":"","meta":[],"product_brand":[],"product_cat":[29],"product_tag":[],"class_list":{"0":"post-171","1":"product","2":"type-product","3":"status-publish","4":"has-post-thumbnail","6":"product_cat-livres-de-cuisine","8":"first","9":"instock","10":"shipping-taxable","11":"purchasable","12":"product-type-simple"},"_links":{"self":[{"href":"https:\/\/caps2loccaz.fr\/index.php?rest_route=\/wp\/v2\/product\/171","targetHints":{"allow":["GET"]}}],"collection":[{"href":"https:\/\/caps2loccaz.fr\/index.php?rest_route=\/wp\/v2\/product"}],"about":[{"href":"https:\/\/caps2loccaz.fr\/index.php?rest_route=\/wp\/v2\/types\/product"}],"wp:featuredmedia":[{"embeddable":true,"href":"https:\/\/caps2loccaz.fr\/index.php?rest_route=\/wp\/v2\/media\/157"}],"wp:attachment":[{"href":"https:\/\/caps2loccaz.fr\/index.php?rest_route=%2Fwp%2Fv2%2Fmedia&parent=171"}],"wp:term":[{"taxonomy":"product_brand","embeddable":true,"href":"https:\/\/caps2loccaz.fr\/index.php?rest_route=%2Fwp%2Fv2%2Fproduct_brand&post=171"},{"taxonomy":"product_cat","embeddable":true,"href":"https:\/\/caps2loccaz.fr\/index.php?rest_route=%2Fwp%2Fv2%2Fproduct_cat&post=171"},{"taxonomy":"product_tag","embeddable":true,"href":"https:\/\/caps2loccaz.fr\/index.php?rest_route=%2Fwp%2Fv2%2Fproduct_tag&post=171"}],"curies":[{"name":"wp","href":"https:\/\/api.w.org\/{rel}","templated":true}]}}