{"id":133,"date":"2024-04-10T10:54:24","date_gmt":"2024-04-10T08:54:24","guid":{"rendered":"https:\/\/caps2loccaz.fr\/?post_type=product&#038;p=133"},"modified":"2024-04-10T11:38:29","modified_gmt":"2024-04-10T09:38:29","slug":"133","status":"publish","type":"product","link":"https:\/\/caps2loccaz.fr\/?product=133","title":{"rendered":"MUFFINS"},"content":{"rendered":"<p>Les plus prestigieuses \u00e9coles de cuisine nous d\u00e9voile enfin leurs secrets. Cet ouvrage est une collection de recettes extraordinaire. Vous d\u00e9couvrirez comment il est facile et rapide de cr\u00e9e l&rsquo;excellence culinaire.<\/p>\n","protected":false},"excerpt":{"rendered":"<p>Les plus prestigieuses \u00e9coles de cuisine nous d\u00e9voile enfin leurs secrets. Cet ouvrage est une collection de recettes extraordinaire. Vous d\u00e9couvrirez comment il est facile et rapide de cr\u00e9e l&rsquo;excellence culinaire.<\/p>\n","protected":false},"featured_media":144,"template":"","meta":[],"product_brand":[],"product_cat":[25,29],"product_tag":[],"class_list":{"0":"post-133","1":"product","2":"type-product","3":"status-publish","4":"has-post-thumbnail","6":"product_cat-culture","7":"product_cat-livres-de-cuisine","9":"first","10":"instock","11":"shipping-taxable","12":"purchasable","13":"product-type-simple"},"_links":{"self":[{"href":"https:\/\/caps2loccaz.fr\/index.php?rest_route=\/wp\/v2\/product\/133","targetHints":{"allow":["GET"]}}],"collection":[{"href":"https:\/\/caps2loccaz.fr\/index.php?rest_route=\/wp\/v2\/product"}],"about":[{"href":"https:\/\/caps2loccaz.fr\/index.php?rest_route=\/wp\/v2\/types\/product"}],"wp:featuredmedia":[{"embeddable":true,"href":"https:\/\/caps2loccaz.fr\/index.php?rest_route=\/wp\/v2\/media\/144"}],"wp:attachment":[{"href":"https:\/\/caps2loccaz.fr\/index.php?rest_route=%2Fwp%2Fv2%2Fmedia&parent=133"}],"wp:term":[{"taxonomy":"product_brand","embeddable":true,"href":"https:\/\/caps2loccaz.fr\/index.php?rest_route=%2Fwp%2Fv2%2Fproduct_brand&post=133"},{"taxonomy":"product_cat","embeddable":true,"href":"https:\/\/caps2loccaz.fr\/index.php?rest_route=%2Fwp%2Fv2%2Fproduct_cat&post=133"},{"taxonomy":"product_tag","embeddable":true,"href":"https:\/\/caps2loccaz.fr\/index.php?rest_route=%2Fwp%2Fv2%2Fproduct_tag&post=133"}],"curies":[{"name":"wp","href":"https:\/\/api.w.org\/{rel}","templated":true}]}}