{"id":130,"date":"2024-04-10T10:51:01","date_gmt":"2024-04-10T08:51:01","guid":{"rendered":"https:\/\/caps2loccaz.fr\/?post_type=product&#038;p=130"},"modified":"2024-04-10T11:01:33","modified_gmt":"2024-04-10T09:01:33","slug":"recettes-de-bebe","status":"publish","type":"product","link":"https:\/\/caps2loccaz.fr\/?product=recettes-de-bebe","title":{"rendered":"Recettes de b\u00e9b\u00e9"},"content":{"rendered":"<p><img loading=\"lazy\" decoding=\"async\" class=\"alignnone size-medium wp-image-139\" src=\"https:\/\/caps2loccaz.fr\/wp-content\/uploads\/2024\/04\/IMG_2811-225x300.jpg\" alt=\"\" width=\"225\" height=\"300\" srcset=\"https:\/\/caps2loccaz.fr\/wp-content\/uploads\/2024\/04\/IMG_2811-225x300.jpg 225w, https:\/\/caps2loccaz.fr\/wp-content\/uploads\/2024\/04\/IMG_2811-scaled-300x400.jpg 300w, https:\/\/caps2loccaz.fr\/wp-content\/uploads\/2024\/04\/IMG_2811-scaled-600x800.jpg 600w, https:\/\/caps2loccaz.fr\/wp-content\/uploads\/2024\/04\/IMG_2811-scaled.jpg 1920w\" sizes=\"auto, (max-width: 225px) 100vw, 225px\" \/>\u00a0 \u00a0 Un livre de recette sp\u00e9cialement con\u00e7u pour les b\u00e9b\u00e9s<\/p>\n","protected":false},"excerpt":{"rendered":"<p>\u00a0 \u00a0 Un livre de recette sp\u00e9cialement con\u00e7u pour les b\u00e9b\u00e9s<\/p>\n","protected":false},"featured_media":140,"template":"","meta":[],"product_brand":[],"product_cat":[29],"product_tag":[],"class_list":{"0":"post-130","1":"product","2":"type-product","3":"status-publish","4":"has-post-thumbnail","6":"product_cat-livres-de-cuisine","8":"first","9":"instock","10":"shipping-taxable","11":"purchasable","12":"product-type-simple"},"_links":{"self":[{"href":"https:\/\/caps2loccaz.fr\/index.php?rest_route=\/wp\/v2\/product\/130","targetHints":{"allow":["GET"]}}],"collection":[{"href":"https:\/\/caps2loccaz.fr\/index.php?rest_route=\/wp\/v2\/product"}],"about":[{"href":"https:\/\/caps2loccaz.fr\/index.php?rest_route=\/wp\/v2\/types\/product"}],"wp:featuredmedia":[{"embeddable":true,"href":"https:\/\/caps2loccaz.fr\/index.php?rest_route=\/wp\/v2\/media\/140"}],"wp:attachment":[{"href":"https:\/\/caps2loccaz.fr\/index.php?rest_route=%2Fwp%2Fv2%2Fmedia&parent=130"}],"wp:term":[{"taxonomy":"product_brand","embeddable":true,"href":"https:\/\/caps2loccaz.fr\/index.php?rest_route=%2Fwp%2Fv2%2Fproduct_brand&post=130"},{"taxonomy":"product_cat","embeddable":true,"href":"https:\/\/caps2loccaz.fr\/index.php?rest_route=%2Fwp%2Fv2%2Fproduct_cat&post=130"},{"taxonomy":"product_tag","embeddable":true,"href":"https:\/\/caps2loccaz.fr\/index.php?rest_route=%2Fwp%2Fv2%2Fproduct_tag&post=130"}],"curies":[{"name":"wp","href":"https:\/\/api.w.org\/{rel}","templated":true}]}}